{"id":9256,"date":"2020-11-11T18:51:53","date_gmt":"2020-11-11T18:51:53","guid":{"rendered":"https:\/\/spanish.cpnn-world.org\/?page_id=9256"},"modified":"2021-08-18T19:00:38","modified_gmt":"2021-08-18T19:00:38","slug":"eventos-virtuales","status":"publish","type":"page","link":"https:\/\/spanish.cpnn-world.org\/?page_id=9256","title":{"rendered":"Eventos virtuales"},"content":{"rendered":"<p>En CPNN estamos comenzando a recibir informaci\u00f3n sobre eventos virtuales gratuitos relacionados con la cultura de paz. Para informar a nuestros lectores de estos eventos, intentaremos un experimento: un &#8220;art\u00edculo rodante&#8221; sobre estos eventos. Intentaremos actualizar la lista cada d\u00eda o dos, eliminando los eventos pasados y agregando nuevos eventos a medida que se reciben. Para ser incluido aqu\u00ed, un evento debe ser gratuito y debe proporcionar un enlace de registro. A menos que se indique lo contrario, los eventos est\u00e1n en ingl\u00e9s.<\/p>\n<p>Tambi\u00e9n incluiremos aqu\u00ed los plazos de solicitud de iniciativas que promuevan la cultura de paz.<\/p>\n<p><center><a href=\"https:\/\/english.cpnn-world.org\/?p=21941\"> Pr\u00f3ximos eventos<\/a><\/p>\n<p><a href=\"https:\/\/english.cpnn-world.org\/?p=24675\">Los eventos virtuales ya pasaron en agosto<\/a><\/p>\n<p><a href=\"https:\/\/english.cpnn-world.org\/?p=24480\">Los eventos virtuales ya pasaron en julio<\/a><br \/>\n(Se proporcionan enlaces a grabaciones para 3 de 9)<\/p>\n<p><a href=\"https:\/\/english.cpnn-world.org\/?p=24178\">Los eventos virtuales ya pasaron en junio<\/a><br \/>\n(Se proporcionan enlaces a grabaciones para 17 de 26)<\/p>\n<p><a href=\"https:\/\/english.cpnn-world.org\/?p=23928\">Los eventos virtuales ya pasaron en mayo<\/a><br \/>\n(Se proporcionan enlaces a grabaciones para 5 de 13)<\/p>\n<p><a href=\"https:\/\/english.cpnn-world.org\/?p=23697\">Los eventos virtuales ya pasaron en abril<\/a><br \/>\n(Se proporcionan enlaces a grabaciones para 8 de 19)<\/p>\n<p><a href=\"https:\/\/english.cpnn-world.org\/?p=23275\">Los eventos virtuales ya pasaron en marzo<\/a><br \/>\n(Se proporcionan enlaces a grabaciones para 23 de 34)<\/p>\n<p><a href=\"https:\/\/english.cpnn-world.org\/?p=22909\">Los eventos virtuales ya pasaron en febrero<\/a><br \/>\n(Se proporcionan enlaces a grabaciones para 14 de 23)<\/p>\n<p><a href=\"https:\/\/english.cpnn-world.org\/?p=22577\">Los eventos virtuales ya pasaron en enero<\/a> (23)<\/p>\n<p><a href=\"https:\/\/english.cpnn-world.org\/?p=23106\">Los eventos virtuales ya pasaron en diciembre, 2020<\/a> (24)<\/p>\n<p><a href=\"https:\/\/english.cpnn-world.org\/?p=22534\">Eventos virtuales ya pasaron en noviembre, 2020<\/a> (24)<\/p>\n","protected":false},"excerpt":{"rendered":"<p>En CPNN estamos comenzando a recibir informaci\u00f3n sobre eventos virtuales gratuitos relacionados con la cultura de paz. Para informar a nuestros lectores de estos eventos, intentaremos un experimento: un &#8220;art\u00edculo rodante&#8221; sobre estos eventos. Intentaremos actualizar la lista cada d\u00eda o dos, eliminando los eventos pasados y agregando nuevos eventos a medida que se reciben. &hellip; <a href=\"https:\/\/spanish.cpnn-world.org\/?page_id=9256\" class=\"more-link\">Continue reading <span class=\"screen-reader-text\">Eventos virtuales<\/span> <span class=\"meta-nav\">&rarr;<\/span><\/a><\/p>\n","protected":false},"author":1,"featured_media":0,"parent":0,"menu_order":0,"comment_status":"closed","ping_status":"closed","template":"","meta":{"footnotes":""},"class_list":["post-9256","page","type-page","status-publish","hentry"],"_links":{"self":[{"href":"https:\/\/spanish.cpnn-world.org\/index.php?rest_route=\/wp\/v2\/pages\/9256","targetHints":{"allow":["GET"]}}],"collection":[{"href":"https:\/\/spanish.cpnn-world.org\/index.php?rest_route=\/wp\/v2\/pages"}],"about":[{"href":"https:\/\/spanish.cpnn-world.org\/index.php?rest_route=\/wp\/v2\/types\/page"}],"author":[{"embeddable":true,"href":"https:\/\/spanish.cpnn-world.org\/index.php?rest_route=\/wp\/v2\/users\/1"}],"replies":[{"embeddable":true,"href":"https:\/\/spanish.cpnn-world.org\/index.php?rest_route=%2Fwp%2Fv2%2Fcomments&post=9256"}],"version-history":[{"count":37,"href":"https:\/\/spanish.cpnn-world.org\/index.php?rest_route=\/wp\/v2\/pages\/9256\/revisions"}],"predecessor-version":[{"id":9734,"href":"https:\/\/spanish.cpnn-world.org\/index.php?rest_route=\/wp\/v2\/pages\/9256\/revisions\/9734"}],"wp:attachment":[{"href":"https:\/\/spanish.cpnn-world.org\/index.php?rest_route=%2Fwp%2Fv2%2Fmedia&parent=9256"}],"curies":[{"name":"wp","href":"https:\/\/api.w.org\/{rel}","templated":true}]}}